{"id":12,"date":"2019-05-17T17:16:25","date_gmt":"2019-05-17T15:16:25","guid":{"rendered":"http:\/\/kravmagagrenoble.com\/?page_id=12"},"modified":"2025-10-14T13:50:51","modified_gmt":"2025-10-14T11:50:51","slug":"les-cours-de-krav-maga-a-fontaine-grenoble","status":"publish","type":"page","link":"https:\/\/selfdefensegrenoble.fr\/index.php\/les-cours-de-krav-maga-a-fontaine-grenoble\/","title":{"rendered":"Les cours adultes"},"content":{"rendered":"\n<p><\/p>\n\n\n\n<figure class=\"wp-block-gallery has-nested-images columns-default is-cropped wp-block-gallery-1 is-layout-flex wp-block-gallery-is-layout-flex\"><\/figure>\n\n\n\n<h3 class=\"wp-block-heading\"><strong>HORAIRES DES COURS ADULTES :<\/strong><\/h3>\n\n\n\n<p><br>Les lundis et mercredis de 20h00 \u00e0 21h30.<\/p>\n\n\n\n<p>Les cours se d\u00e9roulent de d\u00e9but septembre \u00e0 fin juin, sauf pendant les vacances scolaires.<\/p>\n\n\n\n<h3 class=\"wp-block-heading\"><strong>LIEU :<\/strong><\/h3>\n\n\n\n<h3 class=\"wp-block-heading\">Gymnase Robert Vial, all\u00e9e de geve, 38600 Fontaine.<br><\/h3>\n\n\n\n<h3 class=\"wp-block-heading\"><strong>INSCRIPTIONS :<\/strong><\/h3>\n\n\n\n<ul>\n<li>Les inscriptions ont lieu avant les cours<\/li>\n\n\n\n<li> La cotisation annuelle est de 210 \u20ac (180 \u20ac + 30 \u20ac de licence ASPTT Premium) pour 2 cours par semaines<\/li>\n\n\n\n<li>Des facilit\u00e9s de paiement sont possibles, pour en savoir plus contactez-nous<\/li>\n<\/ul>\n\n\n\n<h3 class=\"wp-block-heading\"><strong>PIECES A FOURNIR :<\/strong><\/h3>\n\n\n\n<ul>\n<li>Certificat m\u00e9dical d&rsquo;aptitude aux sports de combat (tous les 2 ans)<\/li>\n\n\n\n<li>Photocopie recto-verso de la carte nationale d&rsquo;identit\u00e9 ou du passeport<\/li>\n<\/ul>\n\n\n\n<h3 class=\"wp-block-heading\"><strong> \u00c9QUIPEMENT OBLIGATOIRE :<\/strong><\/h3>\n\n\n\n<ul>\n<li>Tenue de sport (pantalon de surv\u00eatement, legging ou short et t-shirt)<\/li>\n\n\n\n<li>Chaussures de sport propres <\/li>\n\n\n\n<li>Protection g\u00e9nitale <\/li>\n\n\n\n<li>Gants de boxe <\/li>\n\n\n\n<li>Protege dents <\/li>\n<\/ul>\n\n\n\n<p><strong>ATTENTION : Pour int\u00e9grer les cours adultes, il faut \u00eatre \u00e2g\u00e9(e) de 15 ans minimum<\/strong>. <\/p>\n","protected":false},"excerpt":{"rendered":"<p>HORAIRES DES COURS ADULTES : Les lundis et mercredis de 20h00 \u00e0 21h30. Les cours se d\u00e9roulent de d\u00e9but septembre \u00e0 fin juin, sauf pendant les vacances scolaires. LIEU : Gymnase Robert Vial, all\u00e9e de geve, 38600 Fontaine. INSCRIPTIONS : PIECES A FOURNIR : \u00c9QUIPEMENT OBLIGATOIRE : ATTENTION : Pour int\u00e9grer les cours adultes, il &#8230; <a title=\"Les cours adultes\" class=\"read-more\" href=\"https:\/\/selfdefensegrenoble.fr\/index.php\/les-cours-de-krav-maga-a-fontaine-grenoble\/\">Read more<span class=\"screen-reader-text\">Les cours adultes<\/span><\/a><\/p>\n","protected":false},"author":1,"featured_media":0,"parent":0,"menu_order":0,"comment_status":"closed","ping_status":"closed","template":"","meta":{"footnotes":""},"_links":{"self":[{"href":"https:\/\/selfdefensegrenoble.fr\/index.php\/wp-json\/wp\/v2\/pages\/12"}],"collection":[{"href":"https:\/\/selfdefensegrenoble.fr\/index.php\/wp-json\/wp\/v2\/pages"}],"about":[{"href":"https:\/\/selfdefensegrenoble.fr\/index.php\/wp-json\/wp\/v2\/types\/page"}],"author":[{"embeddable":true,"href":"https:\/\/selfdefensegrenoble.fr\/index.php\/wp-json\/wp\/v2\/users\/1"}],"replies":[{"embeddable":true,"href":"https:\/\/selfdefensegrenoble.fr\/index.php\/wp-json\/wp\/v2\/comments?post=12"}],"version-history":[{"count":55,"href":"https:\/\/selfdefensegrenoble.fr\/index.php\/wp-json\/wp\/v2\/pages\/12\/revisions"}],"predecessor-version":[{"id":986,"href":"https:\/\/selfdefensegrenoble.fr\/index.php\/wp-json\/wp\/v2\/pages\/12\/revisions\/986"}],"wp:attachment":[{"href":"https:\/\/selfdefensegrenoble.fr\/index.php\/wp-json\/wp\/v2\/media?parent=12"}],"curies":[{"name":"wp","href":"https:\/\/api.w.org\/{rel}","templated":true}]}}

<p></p>



<figure class="wp-block-gallery has-nested-images columns-default is-cropped wp-block-gallery-1 is-layout-flex wp-block-gallery-is-layout-flex"></figure>



<h3 class="wp-block-heading"><strong>HORAIRES DES COURS ADULTES :</strong></h3>



<p><br>Les lundis et mercredis de 20h00 à 21h30.</p>



<p>Les cours se déroulent de début septembre à fin juin, sauf pendant les vacances scolaires.</p>



<h3 class="wp-block-heading"><strong>LIEU :</strong></h3>



<h3 class="wp-block-heading">Gymnase Robert Vial, allée de geve, 38600 Fontaine.<br></h3>



<h3 class="wp-block-heading"><strong>INSCRIPTIONS :</strong></h3>



<ul>
<li>Les inscriptions ont lieu avant les cours</li>



<li> La cotisation annuelle est de 210 € (180 € + 30 € de licence ASPTT Premium) pour 2 cours par semaines</li>



<li>Des facilités de paiement sont possibles, pour en savoir plus contactez-nous</li>
</ul>



<h3 class="wp-block-heading"><strong>PIECES A FOURNIR :</strong></h3>



<ul>
<li>Certificat médical d&rsquo;aptitude aux sports de combat (tous les 2 ans)</li>



<li>Photocopie recto-verso de la carte nationale d&rsquo;identité ou du passeport</li>
</ul>



<h3 class="wp-block-heading"><strong> ÉQUIPEMENT OBLIGATOIRE :</strong></h3>



<ul>
<li>Tenue de sport (pantalon de survêtement, legging ou short et t-shirt)</li>



<li>Chaussures de sport propres </li>



<li>Protection génitale </li>



<li>Gants de boxe </li>



<li>Protege dents </li>
</ul>



<p><strong>ATTENTION : Pour intégrer les cours adultes, il faut être âgé(e) de 15 ans minimum</strong>. </p>

<p>HORAIRES DES COURS ADULTES : Les lundis et mercredis de 20h00 à 21h30. Les cours se déroulent de début septembre à fin juin, sauf pendant les vacances scolaires. LIEU : Gymnase Robert Vial, allée de geve, 38600 Fontaine. INSCRIPTIONS : PIECES A FOURNIR : ÉQUIPEMENT OBLIGATOIRE : ATTENTION : Pour intégrer les cours adultes, il &#8230; <a title="Les cours adultes" class="read-more" href="https://selfdefensegrenoble.fr/index.php/les-cours-de-krav-maga-a-fontaine-grenoble/">Read more<span class="screen-reader-text">Les cours adultes</span></a></p>
